{"id":140,"date":"2018-05-28T11:11:18","date_gmt":"2018-05-28T11:11:18","guid":{"rendered":"https:\/\/altri.al\/?page_id=140"},"modified":"2018-05-31T08:28:46","modified_gmt":"2018-05-31T08:28:46","slug":"broshura","status":"publish","type":"page","link":"https:\/\/altri.al\/index.php\/broshura\/","title":{"rendered":"Broshura"},"content":{"rendered":"<div class=\"wpb-content-wrapper\"><p>[vc_row][vc_column width=&#8221;1\/3&#8243;][vc_single_image image=&#8221;145&#8243; img_size=&#8221;full&#8221; alignment=&#8221;center&#8221; style=&#8221;vc_box_outline&#8221; border_color=&#8221;green&#8221; onclick=&#8221;custom_link&#8221; image_hovers=&#8221;false&#8221; link=&#8221;\/index.php\/sot-vendos-edhe-une\/&#8221;][vc_column_text css=&#8221;.vc_custom_1527755099257{margin-top: -25px !important;}&#8221;]<\/p>\n<p style=\"text-align: center;\"><a style=\"text-decoration: none;\" href=\"\/index.php\/sot-vendos-edhe-une\/\"><span style=\"color: #2d7f30;\"><strong>SOT VENDOS DHE UN\u00cb<\/strong><\/span><\/a><\/p>\n<p>[\/vc_column_text][\/vc_column][vc_column width=&#8221;1\/3&#8243;][vc_single_image image=&#8221;143&#8243; img_size=&#8221;full&#8221; alignment=&#8221;center&#8221; style=&#8221;vc_box_outline&#8221; border_color=&#8221;green&#8221; onclick=&#8221;custom_link&#8221; image_hovers=&#8221;false&#8221; link=&#8221;\/index.php\/diskriminimi\/&#8221;][vc_column_text css=&#8221;.vc_custom_1527755163938{margin-top: -25px !important;}&#8221;]<\/p>\n<p style=\"text-align: center;\"><a style=\"text-decoration: none;\" href=\"\/index.php\/diskriminimi\/\"><span style=\"color: #2d7f30;\"><strong>DISKRIMINIMI<\/strong><\/span><\/a><\/p>\n<p>[\/vc_column_text][\/vc_column][vc_column width=&#8221;1\/3&#8243;][vc_single_image image=&#8221;144&#8243; img_size=&#8221;full&#8221; alignment=&#8221;center&#8221; style=&#8221;vc_box_outline&#8221; border_color=&#8221;green&#8221; onclick=&#8221;custom_link&#8221; image_hovers=&#8221;false&#8221; link=&#8221;\/index.php\/e-learning\/&#8221;][vc_column_text css=&#8221;.vc_custom_1527755211906{margin-top: -25px !important;}&#8221;]<\/p>\n<p style=\"text-align: center;\"><a style=\"text-decoration: none;\" href=\"\/index.php\/e-learning\/\"><span style=\"color: #2d7f30;\"><strong>E-LEARNING<\/strong><\/span><\/a><\/p>\n<p>[\/vc_column_text][\/vc_column][\/vc_row][vc_row][vc_column width=&#8221;1\/6&#8243;][\/vc_column][vc_column width=&#8221;1\/3&#8243;][vc_single_image image=&#8221;147&#8243; img_size=&#8221;full&#8221; alignment=&#8221;center&#8221; style=&#8221;vc_box_outline&#8221; border_color=&#8221;green&#8221; onclick=&#8221;custom_link&#8221; image_hovers=&#8221;false&#8221; link=&#8221;\/index.php\/udhezues-mbi-permiresimin-e-sistemit-ccmis-icmis\/&#8221;][vc_column_text css=&#8221;.vc_custom_1527755264585{margin-top: -25px !important;}&#8221;]<\/p>\n<p style=\"text-align: center;\"><a style=\"text-decoration: none;\" href=\"\/index.php\/udhezues-mbi-permiresimin-e-sistemit-ccmis-icmis\/\"><span style=\"color: #2d7f30;\"><strong>UDH\u00cbZUES MBI P\u00cbRMIR\u00cbSIMIN E SISTEMIT CCMIS-ICMIS<\/strong><\/span><\/a><\/p>\n<p>[\/vc_column_text][\/vc_column][vc_column width=&#8221;1\/3&#8243;][vc_single_image image=&#8221;146&#8243; img_size=&#8221;full&#8221; alignment=&#8221;center&#8221; style=&#8221;vc_box_outline&#8221; border_color=&#8221;green&#8221; onclick=&#8221;custom_link&#8221; image_hovers=&#8221;false&#8221; link=&#8221;\/index.php\/te-drejat-dhe-detyrimet-ne-nje-proces-gjyqesor\/&#8221;][vc_column_text css=&#8221;.vc_custom_1527755315730{margin-top: -25px !important;}&#8221;]<\/p>\n<p style=\"text-align: center;\"><a style=\"text-decoration: none;\" href=\"\/index.php\/te-drejat-dhe-detyrimet-ne-nje-proces-gjyqesor\/\"><span style=\"color: #2d7f30;\"><strong>T\u00cb DREJAT DHE DETYRIMET N\u00cb NJ\u00cb PROCES GJYQ\u00cbSOR<\/strong><\/span><\/a><\/p>\n<p>[\/vc_column_text][\/vc_column][vc_column width=&#8221;1\/6&#8243;][\/vc_column][\/vc_row]<\/p>\n<\/div>","protected":false},"excerpt":{"rendered":"<p>[vc_row][vc_column width=&#8221;1\/3&#8243;][vc_single_image image=&#8221;145&#8243; img_size=&#8221;full&#8221; alignment=&#8221;center&#8221; style=&#8221;vc_box_outline&#8221; border_color=&#8221;green&#8221; onclick=&#8221;custom_link&#8221; image_hovers=&#8221;false&#8221; link=&#8221;\/index.php\/sot-vendos-edhe-une\/&#8221;][vc_column_text css=&#8221;.vc_custom_1527755099257{margin-top: -25px !important;}&#8221;] SOT VENDOS DHE UN\u00cb [\/vc_column_text][\/vc_column][vc_column width=&#8221;1\/3&#8243;][vc_single_image image=&#8221;143&#8243; img_size=&#8221;full&#8221; alignment=&#8221;center&#8221; style=&#8221;vc_box_outline&#8221; border_color=&#8221;green&#8221; onclick=&#8221;custom_link&#8221; image_hovers=&#8221;false&#8221; link=&#8221;\/index.php\/diskriminimi\/&#8221;][vc_column_text css=&#8221;.vc_custom_1527755163938{margin-top: -25px !important;}&#8221;] DISKRIMINIMI [\/vc_column_text][\/vc_column][vc_column width=&#8221;1\/3&#8243;][vc_single_image image=&#8221;144&#8243; img_size=&#8221;full&#8221; alignment=&#8221;center&#8221; style=&#8221;vc_box_outline&#8221; border_color=&#8221;green&#8221; onclick=&#8221;custom_link&#8221; image_hovers=&#8221;false&#8221; link=&#8221;\/index.php\/e-learning\/&#8221;][vc_column_text css=&#8221;.vc_custom_1527755211906{margin-top: -25px !important;}&#8221;] E-LEARNING [\/vc_column_text][\/vc_column][\/vc_row][vc_row][vc_column width=&#8221;1\/6&#8243;][\/vc_column][vc_column width=&#8221;1\/3&#8243;][vc_single_image image=&#8221;147&#8243; img_size=&#8221;full&#8221; alignment=&#8221;center&#8221; style=&#8221;vc_box_outline&#8221; border_color=&#8221;green&#8221; onclick=&#8221;custom_link&#8221; image_hovers=&#8221;false&#8221;&hellip;<\/p>\n","protected":false},"author":3,"featured_media":0,"parent":0,"menu_order":0,"comment_status":"closed","ping_status":"closed","template":"","meta":{"footnotes":""},"class_list":["post-140","page","type-page","status-publish","hentry","description-off"],"_links":{"self":[{"href":"https:\/\/altri.al\/index.php\/wp-json\/wp\/v2\/pages\/140","targetHints":{"allow":["GET"]}}],"collection":[{"href":"https:\/\/altri.al\/index.php\/wp-json\/wp\/v2\/pages"}],"about":[{"href":"https:\/\/altri.al\/index.php\/wp-json\/wp\/v2\/types\/page"}],"author":[{"embeddable":true,"href":"https:\/\/altri.al\/index.php\/wp-json\/wp\/v2\/users\/3"}],"replies":[{"embeddable":true,"href":"https:\/\/altri.al\/index.php\/wp-json\/wp\/v2\/comments?post=140"}],"version-history":[{"count":5,"href":"https:\/\/altri.al\/index.php\/wp-json\/wp\/v2\/pages\/140\/revisions"}],"predecessor-version":[{"id":933,"href":"https:\/\/altri.al\/index.php\/wp-json\/wp\/v2\/pages\/140\/revisions\/933"}],"wp:attachment":[{"href":"https:\/\/altri.al\/index.php\/wp-json\/wp\/v2\/media?parent=140"}],"curies":[{"name":"wp","href":"https:\/\/api.w.org\/{rel}","templated":true}]}}