{"id":125,"date":"2018-05-28T11:10:03","date_gmt":"2018-05-28T11:10:03","guid":{"rendered":"https:\/\/altri.al\/?page_id=125"},"modified":"2024-11-01T16:01:39","modified_gmt":"2024-11-01T16:01:39","slug":"fletepalosje","status":"publish","type":"page","link":"https:\/\/altri.al\/index.php\/fletepalosje\/","title":{"rendered":"Flet\u00ebpalosje"},"content":{"rendered":"<div class=\"wpb-content-wrapper\"><p>[vc_row][vc_column width=&#8221;1\/3&#8243;][vc_single_image image=&#8221;4688&#8243; img_size=&#8221;350&#215;247&#8243; alignment=&#8221;center&#8221; style=&#8221;vc_box_outline&#8221; border_color=&#8221;green&#8221; onclick=&#8221;custom_link&#8221; image_hovers=&#8221;false&#8221; link=&#8221;\/index.php\/residence-permits\/&#8221;][vc_column_text css=&#8221;.vc_custom_1730476778364{margin-top: -25px !important;}&#8221;]<\/p>\n<p style=\"text-align: center;\"><a style=\"text-decoration: none;\" href=\"\/index.php\/sot-vendos-dhe-une\/\"><span style=\"color: #2d7f30;\"><strong>RESIDENCE PERMITS <\/strong><\/span><\/a><\/p>\n<p>[\/vc_column_text][\/vc_column][vc_column width=&#8221;1\/3&#8243;][vc_single_image image=&#8221;4679&#8243; img_size=&#8221;350&#215;247&#8243; alignment=&#8221;center&#8221; style=&#8221;vc_box_outline&#8221; border_color=&#8221;green&#8221; onclick=&#8221;custom_link&#8221; image_hovers=&#8221;false&#8221; link=&#8221;\/index.php\/access-to-education-for-foreigners-in-albania\/&#8221;][vc_column_text css=&#8221;.vc_custom_1730476668322{margin-top: -25px !important;}&#8221;]<\/p>\n<p style=\"text-align: center;\"><a style=\"text-decoration: none;\" href=\"\/index.php\/access-to-education-for-foreigners-in-albania\/\"><span style=\"color: #2d7f30;\"><strong>ACCESS TO EDUCATION FOR FOREIGNERS IN ALBANIA<\/strong><\/span><\/a><\/p>\n<p>[\/vc_column_text][\/vc_column][vc_column width=&#8221;1\/3&#8243;][vc_single_image image=&#8221;133&#8243; img_size=&#8221;full&#8221; alignment=&#8221;center&#8221; style=&#8221;vc_box_outline&#8221; border_color=&#8221;green&#8221; onclick=&#8221;custom_link&#8221; image_hovers=&#8221;false&#8221; link=&#8221;\/index.php\/sot-vendos-dhe-une\/&#8221;][vc_column_text css=&#8221;.vc_custom_1527754643154{margin-top: -25px !important;}&#8221;]<\/p>\n<p style=\"text-align: center;\"><a style=\"text-decoration: none;\" href=\"\/index.php\/sot-vendos-dhe-une\/\"><span style=\"color: #2d7f30;\"><strong>SOT VENDOS DHE UN\u00cb<\/strong><\/span><\/a><\/p>\n<p>[\/vc_column_text][\/vc_column][\/vc_row][vc_row][vc_column width=&#8221;1\/3&#8243;][vc_single_image image=&#8221;128&#8243; img_size=&#8221;full&#8221; alignment=&#8221;center&#8221; style=&#8221;vc_box_outline&#8221; border_color=&#8221;green&#8221; onclick=&#8221;custom_link&#8221; image_hovers=&#8221;false&#8221; link=&#8221;\/index.php\/dua-te-ankohem\/&#8221;][vc_column_text css=&#8221;.vc_custom_1527754680725{margin-top: -25px !important;}&#8221;]<\/p>\n<p style=\"text-align: center;\"><a style=\"text-decoration: none;\" href=\"\/index.php\/dua-te-ankohem\/\"><span style=\"color: #2d7f30;\"><strong>DUA T\u00cb ANKOHEM<\/strong><\/span><\/a><\/p>\n<p>[\/vc_column_text][\/vc_column][vc_column width=&#8221;1\/3&#8243;][vc_single_image image=&#8221;132&#8243; img_size=&#8221;full&#8221; alignment=&#8221;center&#8221; style=&#8221;vc_box_outline&#8221; border_color=&#8221;green&#8221; onclick=&#8221;custom_link&#8221; image_hovers=&#8221;false&#8221; link=&#8221;\/index.php\/sistemi-dixhital-audio-qytetaret\/&#8221;][vc_column_text css=&#8221;.vc_custom_1527754738258{margin-top: -25px !important;}&#8221;]<\/p>\n<p style=\"text-align: center;\"><a style=\"text-decoration: none;\" href=\"\/index.php\/sistemi-dixhital-audio-qytetaret\/\"><span style=\"color: #2d7f30;\"><strong>SISTEMI DIXHITAL AUDIO-QYTETAR\u00cbT<\/strong><\/span><\/a><\/p>\n<p>[\/vc_column_text][\/vc_column][vc_column width=&#8221;1\/3&#8243;][vc_single_image image=&#8221;132&#8243; img_size=&#8221;full&#8221; alignment=&#8221;center&#8221; style=&#8221;vc_box_outline&#8221; border_color=&#8221;green&#8221; onclick=&#8221;custom_link&#8221; image_hovers=&#8221;false&#8221; link=&#8221;\/index.php\/sistemi-dixhital-audio-profesioniste-te-se-drejtes\/&#8221;][vc_column_text css=&#8221;.vc_custom_1527754775722{margin-top: -25px !important;}&#8221;]<\/p>\n<p style=\"text-align: center;\"><a style=\"text-decoration: none;\" href=\"\/index.php\/sistemi-dixhital-audio-profesioniste-te-se-drejtes\/\"><span style=\"color: #2d7f30;\"><strong>SISTEMI DIXHITAL AUDIO-PROFESIONIST\u00cb T\u00cb S\u00cb DREJT\u00cbS<\/strong><\/span><\/a><\/p>\n<p>[\/vc_column_text][\/vc_column][\/vc_row][vc_row][vc_column width=&#8221;1\/3&#8243;][vc_single_image image=&#8221;129&#8243; img_size=&#8221;full&#8221; alignment=&#8221;center&#8221; style=&#8221;vc_box_outline&#8221; border_color=&#8221;green&#8221; onclick=&#8221;custom_link&#8221; image_hovers=&#8221;false&#8221; link=&#8221;\/index.php\/ndihma-juridike-falas\/&#8221;][vc_column_text css=&#8221;.vc_custom_1527754855546{margin-top: -25px !important;}&#8221;]<\/p>\n<p style=\"text-align: center;\"><a style=\"text-decoration: none;\" href=\"\/index.php\/ndihma-juridike-falas\/\"><span style=\"color: #2d7f30;\"><strong>NDIHMA JURIDIKE FALAS<\/strong><\/span><\/a><\/p>\n<p>[\/vc_column_text][\/vc_column][vc_column width=&#8221;1\/3&#8243;][vc_single_image image=&#8221;130&#8243; img_size=&#8221;full&#8221; alignment=&#8221;center&#8221; style=&#8221;vc_box_outline&#8221; border_color=&#8221;green&#8221; onclick=&#8221;custom_link&#8221; image_hovers=&#8221;false&#8221; link=&#8221;\/index.php\/ne-sherbim-te-te-moshuarve\/&#8221;][vc_column_text css=&#8221;.vc_custom_1527754918314{margin-top: -25px !important;}&#8221;]<\/p>\n<p style=\"text-align: center;\"><a style=\"text-decoration: none;\" href=\"\/index.php\/ne-sherbim-te-te-moshuarve\/\"><span style=\"color: #2d7f30;\"><strong>N\u00cb SH\u00cbRBIM T\u00cb T\u00cb MOSHUARVE<\/strong><\/span><\/a><\/p>\n<p>[\/vc_column_text][\/vc_column][vc_column width=&#8221;1\/3&#8243;][vc_single_image image=&#8221;134&#8243; img_size=&#8221;full&#8221; alignment=&#8221;center&#8221; style=&#8221;vc_box_outline&#8221; border_color=&#8221;green&#8221; onclick=&#8221;custom_link&#8221; image_hovers=&#8221;false&#8221; link=&#8221;\/index.php\/toleranca-permes-edukimit\/&#8221;][vc_column_text css=&#8221;.vc_custom_1527754952882{margin-top: -25px !important;}&#8221;]<\/p>\n<p style=\"text-align: center;\"><a style=\"text-decoration: none;\" href=\"\/index.php\/toleranca-permes-edukimit\/\"><span style=\"color: #2d7f30;\"><strong>TOLERANCA P\u00cbRMES EDUKIMIT<\/strong><\/span><\/a><\/p>\n<p>[\/vc_column_text][\/vc_column][\/vc_row][vc_row][vc_column width=&#8221;1\/3&#8243;][vc_single_image image=&#8221;135&#8243; img_size=&#8221;full&#8221; alignment=&#8221;center&#8221; style=&#8221;vc_box_outline&#8221; border_color=&#8221;green&#8221; onclick=&#8221;custom_link&#8221; image_hovers=&#8221;false&#8221; link=&#8221;\/index.php\/veting-qytetaret\/&#8221;][vc_column_text css=&#8221;.vc_custom_1527754995600{margin-top: -25px !important;}&#8221;]<\/p>\n<p style=\"text-align: center;\"><a style=\"text-decoration: none;\" href=\"\/index.php\/veting-qytetaret\/\"><span style=\"color: #2d7f30;\"><strong>VETING &#8211; QYTETAR\u00cbT<\/strong><\/span><\/a><\/p>\n<p>[\/vc_column_text][\/vc_column][vc_column width=&#8221;1\/3&#8243;][vc_single_image image=&#8221;131&#8243; img_size=&#8221;full&#8221; alignment=&#8221;center&#8221; style=&#8221;vc_box_outline&#8221; border_color=&#8221;green&#8221; onclick=&#8221;custom_link&#8221; image_hovers=&#8221;false&#8221; link=&#8221;\/index.php\/procesi-veting\/&#8221;][vc_column_text css=&#8221;.vc_custom_1527755032857{margin-top: -25px !important;}&#8221;]<\/p>\n<p style=\"text-align: center;\"><a style=\"text-decoration: none;\" href=\"\/index.php\/procesi-veting\/\"><span style=\"color: #2d7f30;\"><strong>PRO\u00c7ESI VETING<\/strong><\/span><\/a><\/p>\n<p>[\/vc_column_text][\/vc_column][vc_column width=&#8221;1\/3&#8243;][vc_single_image image=&#8221;1710&#8243; img_size=&#8221;full&#8221; alignment=&#8221;center&#8221; style=&#8221;vc_box_outline&#8221; border_color=&#8221;green&#8221; onclick=&#8221;custom_link&#8221; image_hovers=&#8221;false&#8221; link=&#8221;https:\/\/altri.al\/wp-content\/uploads\/2018\/10\/Fletepalosja-2.pdf&#8221;][vc_column_text css=&#8221;.vc_custom_1571042971376{margin-top: -25px !important;}&#8221;]<\/p>\n<p style=\"text-align: center;\"><a style=\"text-decoration: none;\" href=\"https:\/\/altri.al\/wp-content\/uploads\/2018\/10\/Fletepalosja-2.pdf\"><span style=\"color: #2d7f30;\"><strong>SI REALIZOHEN T\u00cb DREJTAT SOCIALE<br \/>\nT\u00cb QYTETAR\u00cbVE N\u00cb NIVEL VENDOR?<\/strong><\/span><\/a><\/p>\n<p>[\/vc_column_text][\/vc_column][\/vc_row][vc_row][vc_column width=&#8221;1\/3&#8243;][vc_single_image image=&#8221;1715&#8243; img_size=&#8221;full&#8221; alignment=&#8221;center&#8221; style=&#8221;vc_box_outline&#8221; border_color=&#8221;green&#8221; onclick=&#8221;custom_link&#8221; image_hovers=&#8221;false&#8221; link=&#8221;\/wp-content\/uploads\/2018\/10\/Fletepalosja.pdf&#8221;][vc_column_text css=&#8221;.vc_custom_1539957016066{margin-top: -25px !important;}&#8221;]<\/p>\n<p style=\"text-align: center;\"><a style=\"text-decoration: none;\" href=\"\/wp-content\/uploads\/2018\/10\/Fletepalosja.pdf\"><span style=\"color: #2d7f30;\"><strong>ROLI I INSTITUCIONIT T\u00cb AVOKATIT T\u00cb POPULLIT N\u00cb MBROJTJEN DHE RESPEKTIMIN E T\u00cb DREJTAVE SOCIALE T\u00cb QYTETAR\u00cbVE<\/strong><\/span><\/a><\/p>\n<p>[\/vc_column_text][\/vc_column][vc_column width=&#8221;1\/3&#8243;][vc_single_image image=&#8221;1858&#8243; img_size=&#8221;full&#8221; alignment=&#8221;center&#8221; style=&#8221;vc_box_outline&#8221; border_color=&#8221;green&#8221; onclick=&#8221;custom_link&#8221; image_hovers=&#8221;false&#8221; link=&#8221;https:\/\/altri.al\/wp-content\/uploads\/2018\/10\/Lufta-kunder-korrupsionit.pdf&#8221;][vc_column_text css=&#8221;.vc_custom_1540303573350{margin-top: -25px !important;}&#8221;]<\/p>\n<p style=\"text-align: center;\"><a style=\"text-decoration: none;\" href=\"https:\/\/altri.al\/wp-content\/uploads\/2018\/10\/Lufta-kunder-korrupsionit.pdf\"><span style=\"color: #2d7f30;\"><strong>STUDENT\u00cb DENONCONI KORRUPSIONIN! ZGJIDHNI INTEGRITETIN!<\/strong><\/span><\/a><\/p>\n<p>[\/vc_column_text][\/vc_column][vc_column width=&#8221;1\/3&#8243;][vc_single_image image=&#8221;3433&#8243; img_size=&#8221;full&#8221; alignment=&#8221;center&#8221; style=&#8221;vc_box_outline&#8221; border_color=&#8221;green&#8221; onclick=&#8221;custom_link&#8221; image_hovers=&#8221;false&#8221; link=&#8221;https:\/\/altri.al\/wp-content\/uploads\/2019\/10\/Ndihma-Ekonomike-Flete-informuese-1.pdf&#8221;][vc_column_text css=&#8221;.vc_custom_1571042977691{margin-top: -25px !important;}&#8221;]<\/p>\n<p style=\"text-align: center;\"><a style=\"text-decoration: none;\" href=\"https:\/\/altri.al\/wp-content\/uploads\/2019\/10\/Ndihma-Ekonomike-Flete-informuese-1.pdf\"><span style=\"color: #2d7f30;\"><strong>NDIHMA EKONOMIKE<\/strong><\/span><\/a><\/p>\n<p>[\/vc_column_text][\/vc_column][\/vc_row][vc_row][vc_column width=&#8221;1\/3&#8243;][vc_single_image image=&#8221;3435&#8243; img_size=&#8221;full&#8221; alignment=&#8221;center&#8221; style=&#8221;vc_box_outline&#8221; border_color=&#8221;green&#8221; onclick=&#8221;custom_link&#8221; image_hovers=&#8221;false&#8221; link=&#8221;https:\/\/altri.al\/wp-content\/uploads\/2019\/10\/Respektimi-i-te-drejtave-PAK-Flete-informuese-1.pdf&#8221;][vc_column_text css=&#8221;.vc_custom_1571042993164{margin-top: -25px !important;}&#8221;]<\/p>\n<p style=\"text-align: center;\"><a style=\"text-decoration: none;\" href=\"https:\/\/altri.al\/wp-content\/uploads\/2019\/10\/Respektimi-i-te-drejtave-PAK-Flete-informuese-1.pdf\"><span style=\"color: #2d7f30;\"><strong>RRESPEKTIMI I T\u00cb DREJTAVE PAK<\/strong><\/span><\/a><\/p>\n<p>[\/vc_column_text][\/vc_column][vc_column width=&#8221;1\/3&#8243;][\/vc_column][vc_column width=&#8221;1\/3&#8243;][\/vc_column][\/vc_row]<\/p>\n<\/div>","protected":false},"excerpt":{"rendered":"<p>[vc_row][vc_column width=&#8221;1\/3&#8243;][vc_single_image image=&#8221;4688&#8243; img_size=&#8221;350&#215;247&#8243; alignment=&#8221;center&#8221; style=&#8221;vc_box_outline&#8221; border_color=&#8221;green&#8221; onclick=&#8221;custom_link&#8221; image_hovers=&#8221;false&#8221; link=&#8221;\/index.php\/residence-permits\/&#8221;][vc_column_text css=&#8221;.vc_custom_1730476778364{margin-top: -25px !important;}&#8221;] RESIDENCE PERMITS [\/vc_column_text][\/vc_column][vc_column width=&#8221;1\/3&#8243;][vc_single_image image=&#8221;4679&#8243; img_size=&#8221;350&#215;247&#8243; alignment=&#8221;center&#8221; style=&#8221;vc_box_outline&#8221; border_color=&#8221;green&#8221; onclick=&#8221;custom_link&#8221; image_hovers=&#8221;false&#8221; link=&#8221;\/index.php\/access-to-education-for-foreigners-in-albania\/&#8221;][vc_column_text css=&#8221;.vc_custom_1730476668322{margin-top: -25px !important;}&#8221;] ACCESS TO EDUCATION FOR FOREIGNERS IN ALBANIA [\/vc_column_text][\/vc_column][vc_column width=&#8221;1\/3&#8243;][vc_single_image image=&#8221;133&#8243; img_size=&#8221;full&#8221; alignment=&#8221;center&#8221; style=&#8221;vc_box_outline&#8221; border_color=&#8221;green&#8221; onclick=&#8221;custom_link&#8221; image_hovers=&#8221;false&#8221; link=&#8221;\/index.php\/sot-vendos-dhe-une\/&#8221;][vc_column_text css=&#8221;.vc_custom_1527754643154{margin-top: -25px !important;}&#8221;] SOT VENDOS DHE UN\u00cb [\/vc_column_text][\/vc_column][\/vc_row][vc_row][vc_column width=&#8221;1\/3&#8243;][vc_single_image image=&#8221;128&#8243;&hellip;<\/p>\n","protected":false},"author":3,"featured_media":0,"parent":0,"menu_order":0,"comment_status":"closed","ping_status":"closed","template":"","meta":{"footnotes":""},"class_list":["post-125","page","type-page","status-publish","hentry","description-off"],"_links":{"self":[{"href":"https:\/\/altri.al\/index.php\/wp-json\/wp\/v2\/pages\/125","targetHints":{"allow":["GET"]}}],"collection":[{"href":"https:\/\/altri.al\/index.php\/wp-json\/wp\/v2\/pages"}],"about":[{"href":"https:\/\/altri.al\/index.php\/wp-json\/wp\/v2\/types\/page"}],"author":[{"embeddable":true,"href":"https:\/\/altri.al\/index.php\/wp-json\/wp\/v2\/users\/3"}],"replies":[{"embeddable":true,"href":"https:\/\/altri.al\/index.php\/wp-json\/wp\/v2\/comments?post=125"}],"version-history":[{"count":15,"href":"https:\/\/altri.al\/index.php\/wp-json\/wp\/v2\/pages\/125\/revisions"}],"predecessor-version":[{"id":4690,"href":"https:\/\/altri.al\/index.php\/wp-json\/wp\/v2\/pages\/125\/revisions\/4690"}],"wp:attachment":[{"href":"https:\/\/altri.al\/index.php\/wp-json\/wp\/v2\/media?parent=125"}],"curies":[{"name":"wp","href":"https:\/\/api.w.org\/{rel}","templated":true}]}}